i - 8214/(-27)?
4
Let a be (8 + 132)*1/(-2). Let f = a + 161. What is the tens digit of -2 + f + (3 - 3/3)?
9
Suppose 2*h = -6, -4*v + 0*h + 824 = 4*h. Let u = v - -151. What is the tens digit of u/7 - (-20)/35?
5
Let w(q) = 4*q**3 - 182*q**2 - 76*q + 105. What is the hundreds digit of w(47)?
7
Let t(f) = -3*f**3 + 25*f**2 - 9*f + 10. Let g be t(8). Suppose 2*s - 532 = -2*k, -5*k - g*s - 526 + 1859 = 0. What is the tens digit of k?
6
Suppose 139833*o - 826139 = 139814*o. What is the ten thousands digit of o?
4
Suppose 5*y + 79519 = 3*w, 2*w - 111*y = -113*y + 53002. What is the ten thousands digit of w?
2
Let w be -13 - (26/(-16) + (-123)/328). Let i(t) = 12*t**2 - 41. What is the units digit of i(w)?
1
Let l(y) = -8*y - 3. Let p(g) = -1. Let f(h) = -l(h) + 5*p(h). Let a be f(2). Suppose a*z - 1088 = -3*z. What is the tens digit of z?
6
Suppose -2*a = -5*a - 33. Let h(g) = g**3 + 10*g**2 - 11*g + 4. Let u be h(a). Suppose 7 + 3 = 5*y - u*z, 4*z = -y + 2. What is the units digit of y?
2
Let t = 135 + -145. What is the tens digit of (-110)/(-22)*(-2488)/t?
4
Let l be (3 + -5)/(3/1044). Let a = 1186 + l. What is the units digit of a?
0
Let g = 6435 + 732. What is the tens digit of g?
6
Let s be (-640)/(-288) - 4/18. Suppose 510 = s*q - 5*y, q = 7*y - 3*y + 252. What is the units digit of q?
0
Let s(l) = 3*l + 14. Let i be s(-4). What is the units digit of (i - -345)*(6 - 5)?
7
Let d(n) = -929*n + 12. Let w = -359 - -357. What is the units digit of d(w)?
0
Suppose -10290 = -3*w - 27*w. Let i = 1055 - w. What is the hundreds digit of i?
7
Suppose -2*r + 29 = -o, 2*r + 4*o = 6*r - 64. Suppose 2860 = r*q - 9*q. Suppose -4*b - q = -9*b. What is the tens digit of b?
4
Suppose 19 - 53 = q. Let k = q + 34. Suppose k*b = 6*b - 174. What is the tens digit of b?
2
Let s(g) = -g**2 - 13*g + 18. Let i be s(-10). Suppose -56*c + i*c + 6880 = 0. What is the hundreds digit of c?
8
Suppose 3*l - 72544 = 2*q + 23616, -l + 32058 = 4*q. What is the tens digit of l?
5
Suppose -2*v - 4 = -38. Let y(p) = -4*p**3 + 13*p - 2*p - v - 14*p**2 - 4 + 3*p**3. What is the units digit of y(-15)?
9
Let f be 335/6 - -1*1/6. Let r be (-718)/14 - (-3)/((-147)/(-14)). Let k = f + r. What is the units digit of k?
5
Let o(z) = -3*z - 17. Let t(m) = -m**2 + m - 9. Let n be t(0). Let f be o(n). Let v(s) = 11*s - 19. What is the units digit of v(f)?
1
Let z = 9 - 5. Suppose -746 = -5*x + 4*b + 4801, 0 = 2*x - z*b - 2214. What is the tens digit of x?
1
Let o(j) = 13*j**2 - 19*j - 20. Let g = 124 - 125. What is the units digit of o(g)?
2
Suppose -20*f + 27*f + 413 = 0. Let r = -96 - 7. Let h = f - r. What is the tens digit of h?
4
Suppose q + 3*q + 20 = 0, -4*w + 4709 = -5*q. What is the thousands digit of w?
1
Let t(v) be the third derivative of 59*v**6/720 + v**5/60 + 5*v**4/3 + 26*v**2. Let x(q) be the second derivative of t(q). What is the units digit of x(3)?
9
Suppose 3*l = 18 - 6. Suppose -2*d + l*u - 5 - 1 = 0, 4*d - 3*u = -37. Let f = d + 21. What is the units digit of f?
8
Let v(z) be the second derivative of -z**6/360 - 23*z**5/120 - 5*z**4/12 + z. Let k(w) be the third derivative of v(w). What is the units digit of k(-16)?
9
Suppose -401*m = -202*m - 195*m - 32540. What is the tens digit of m?
3
Suppose 3*x = -3*y + 6, 5 = -x + 6*x. What is the tens digit of 23 + 181 + 4/y?
0
Suppose 7*a - 22 = -4*a. What is the tens digit of a + (-1600)/(-6) + 10/30?
6
Let c = -2 - 1. Let s be (-5)/c + (-2)/(-6). Suppose 4*w = 2*r - 47 + 15, -4*r = s*w - 114. What is the units digit of r?
6
Suppose -5*q + 10*q - 15 = 0. Suppose 267 = -3*r + q*z, -2*r - 5*z - 62 = 109. Let j = r + 173. What is the tens digit of j?
8
Let p = 70 + -54. Let c be (0 - 1)/(p/(-592)). Suppose 0 = 4*b - 789 + c. What is the hundreds digit of b?
1
Let i(t) = t**3 - 11*t**2 + 7*t + 17. Let g be i(11). Let j = 267 + -6. Let k = j - g. What is the hundreds digit of k?
1
What is the ten thousands digit of 404728/40 + 165/(-75)?
1
Let i(o) = 136*o - 14. Let n = -569 + 576. What is the tens digit of i(n)?
3
Suppose -2*v + 53636 = 2*t, 37*v - 33*v = 2*t - 53642. What is the ten thousands digit of t?
2
What is the thousands digit of 69/(-230) - 63965/(-50)?
1
Suppose 292789 + 186577 = 34*b. What is the hundreds digit of b?
0
Suppose 0 = 4*q - 3*q - 3*h + 505, -2*q - h - 1010 = 0. What is the tens digit of 20*(q/15)/(4/(-3))?
0
Let h(f) = f**3 + 19*f**2 - 2*f + 53. Let r = -381 + 364. What is the units digit of h(r)?
5
Suppose -41096 + 21968 = -20*c + 82072. What is the units digit of c?
0
Suppose 192363 = 37*r + 17*r - 153129. What is the thousands digit of r?
6
Let z = 3302 + 2857. What is the tens digit of z?
5
Suppose 7*g - 517 = -489. Suppose -o = 5, -818 = -x + g*o + 59. What is the tens digit of x?
5
Let m(i) be the second derivative of 293*i**4/12 - 4*i**3/3 - 19*i**2/2 + i - 16. What is the thousands digit of m(-2)?
1
Let w(c) = c**3 - 41*c**2 + 24*c + 242. What is the hundreds digit of w(45)?
4
Let g(d) = -21*d - 99. Let k be g(-5). Suppose 0 = 22*b + k*b - 40320. What is the units digit of b?
0
Let f(y) = 274*y**2 - 11*y + 1. Let b = 434 + -436. What is the hundreds digit of f(b)?
1
Suppose -33*r = 138 + 126. What is the tens digit of 86 + (-2 - r - 14)?
7
Suppose -4*y - 17 = -3*a + 76, 4*y - 124 = -4*a. Suppose -a*r - 1482 = -50*r. What is the units digit of r?
8
Suppose 3*a - 91 = -4*d, -5*d - 4*a = -29 - 84. Suppose 0*q - 5*q = -d. Suppose 4*b + 100 = q*o, 4*o + b - 3*b = 80. What is the tens digit of o?
2
What is the thousands digit of (-24 - (-16 - 11))*21794/6?
0
Let v be (12720/(-100))/((-3)/10). Let a(o) = 18*o**2 + 10*o + 10. Let u be a(-6). Let k = u - v. What is the hundreds digit of k?
1
Let s be (36/(-27))/(-2*1/51). Let b = 30 - s. What is the units digit of ((-13)/b)/13 - 166/(-8)?
1
Suppose -5*v = 4*d - 7, 5*v + 6 - 10 = -3*d. What is the units digit of ((-8)/8)/(3/(v*4605))?
5
Suppose -12*f - 58*f = -35*f - 626955. What is the ten thousands digit of f?
1
Suppose -15 = 7*j - 10*j. Suppose 0 = 5*a + s - j, 4*a + 3*s + 9 = a. Suppose 0*f = -a*f + 194. What is the units digit of f?
7
Let a be ((-1)/(-3))/(4/876). Suppose 2*f + 3*r + 5 = 15, 5*r = 5*f. Let i = f + a. What is the units digit of i?
5
Let m be (4/3)/((-6)/(-9)). Suppose 458 = m*t + o - 17, -t = -o - 236. Suppose v = -4*v + k + t, -2*k = -v + 51. What is the tens digit of v?
4
Suppose -1337 = -2*l + 2*v + 14063, 3*l - 23110 = -2*v. What is the hundreds digit of l?
7
Let h = 189 + -193. Let v(f) = -7*f**3 + 5*f + 26. What is the units digit of v(h)?
4
What is the tens digit of (((-96)/(-10))/24)/(2/3070)?
1
Suppose -3372 = -5*h + 23. Suppose -3*z + 20 = -h. Let d = -151 + z. What is the tens digit of d?
8
Suppose 40897 + 21171 = 30*z - 20882. What is the hundreds digit of z?
7
Let w = 40 + -40. Suppose w = 3*b + j - 3*j - 16, -5*j + 20 = 0. Suppose 0 = -b*k + 401 + 495. What is the hundreds digit of k?
1
Let g(i) = -3*i**3 - i**2 - i - 4. Let w(r) = r**3 + r**2. Let c(s) = g(s) + 4*w(s). Let y be c(-3). What is the tens digit of y/(3/5)*-153?
5
Let u(b) = 8*b**2 - 78*b - 526. What is the tens digit of u(-61)?
0
What is the tens digit of 42939/3 - (-4851)/(-462)*2/3?
0
Suppose 90130 = 25*q - 44895. What is the tens digit of q?
0
Let a = 17895 + -11554. What is the units digit of a?
1
Let h = 10686 - 918. What is the tens digit of h?
6
Let c = -68 - -66. Let j be -2*(645/c)/5. Suppose 696 = 7*f + j. What is the units digit of f?
1
Suppose 120*s - 137*s + 70907 = 0. What is the hundreds digit of s?
1
Let b = -3453 + 11378. What is the hundreds digit of b?
9
Suppose 98481 = -5*x + 9*p, -4*x + 0*p = p + 78752. What is the tens digit of x/(-15) - (-15)/(-25)?
1
Suppose -21*i - 5746 + 1756 = 0. Let t = i - -356. What is the tens digit of t?
6
Suppose -19*r - 19*r = -70096 - 312830. What is the thousands digit of r?
0
Let g be -1 + 2/(-2)*-4. Let v(r) = 84 - 97 + 14*r - r - r + 2*r. What is the units digit of v(g)?
9
Let w(b) = -b**2 + 12*b - 18. Let d be w(9). Suppose -3*n = -d*n + 18. Suppose -u - n*u = -276. What is the units digit of u?
9
Suppose 2*r = 1059 - 279. Suppose -2*u = -5*x - 732, -3*x = -5*u + r + 1459. What is the units digit of u?
1
Let r be (2/(-2) - (6 + -10))*3. Let h(c) = -c - 18. Let n be h(r). Let o = 5 - n. What is the ten